et f(l) = -13*l**3 - l**2. Give f(w).
12
Let d(w) = -3*w + 8. Let m be (-158)/18 - 8/36. Let i = m + 3. Let u(o) = 4*o - 9. Let f(l) = i*u(l) - 7*d(l). Calculate f(-3).
7
Let m(k) be the third derivative of -k**6/120 + k**5/30 - k**4/6 - k**3/6 - 2*k**2 + 38*k. Give m(4).
-49
Let i = 8 - 3. Suppose -12 = 3*j, i*w + 5*j + 5 = -0*w. Let x(b) = 4 + 2 - 2*b - w + 5*b**2 - b**3. Give x(4).
11
Let n(u) = u**3 - 6*u**2 - 5*u - 4. Let y be (5/(3 + 27))/((-3)/(-126)). Give n(y).
10
Suppose 0 = -5*q + 3*s + 1 + 40, 2*s = 4*q - 34. Suppose 0 = -2*b - 4 + q. Let i(t) = -t + 5. Calculate i(b).
2
Let t(a) = -16*a**2 - 1. Let i = -61 - -62. Determine t(i).
-17
Let w(s) = s**3 + 7*s**2 + 5*s + 2. Suppose 3*f + 67 = 7*f - 3*g, -g + 34 = 3*f. Suppose 4*l + f = -11. Calculate w(l).
8
Let b(q) = q - 1. Suppose 0 = 5*v + 26 - 11. Let s be v/(-15) - (-145)/25. Let g be (-8)/12 + (-14)/s. Determine b(g).
-4
Let k(p) = -3*p. Let l be k(-3). Let g(f) = -f**2 + 10*f - 11. Let i be g(l). Let s(c) = 2*c**2 - 2. Let d be s(i). Let t(a) = -a**2 + 4*a + 5. Determine t(d).
-7
Let c(n) = -2*n**2 - 2*n - 2. Let u be 299/(-69) - (16/(-3))/4. Calculate c(u).
-14
Let r(j) = -6*j - 3. Suppose 3*s - 4 = -t, 3*s - 1 = t + 1. Suppose -3*k - 7 = -s. Give r(k).
9
Suppose 0 = 2*u - 2*a + 8, 5*u + a + 11 = -3*a. Let t(k) = 9*k + 21. Let z be t(u). Let b(g) = -g**2 - 7*g - 3. Calculate b(z).
3
Let m(g) be the first derivative of g**3/3 - 4*g**2 + 8*g - 34. Give m(9).
17
Let j(p) be the second derivative of -p**4/24 + p**3 - 11*p**2/2 - 15*p. Let d(h) be the first derivative of j(h). Give d(6).
0
Let k(w) = -w + 16. Let u be 7/(28/(-16)) + 12/(-3). Let j = 0 - u. Determine k(j).
8
Let s(y) = -y**2 + y - 5. Let x(m) = m**2 + 5. Let f(t) = 3*s(t) + 4*x(t). Let n(u) = -2*u + 10. Let h be n(7). What is f(h)?
9
Let u = -172 - -158. Let k(y) = y + 13. Determine k(u).
-1
Let g(s) be the first derivative of 5*s**2 + 2*s + 74. What is g(-2)?
-18
Let f(l) be the third derivative of 5*l**4/24 + 4*l**3/3 - 2*l**2 - 1. Calculate f(-8).
-32
Let t(s) = s**2 + s + 1. Let b(u) = 3*u**2 - 5*u + 10. Let d(p) = -b(p) + 2*t(p). Let n = -103 - -109. Give d(n).
-2
Let r(y) = 0 - 6 - 11*y**3 - 2*y + 7*y**2 + 12*y**3 + 0. Suppose d - 11 = 5*u + 2, 5*d - u = -31. Calculate r(d).
8
Suppose 42 = 5*g + 27. Let a(o) = -2*o**3 + 5*o - 21*o**2 + o**g + 16*o**2. What is a(-6)?
6
Let c(j) = -j - 3. Let q = 48 - 80. Let w be 8/q - 1/(-4). Give c(w).
-3
Suppose a = 5*b - 14 + 39, -2*a - 10 = 2*b. Let u(h) = -h**2 + h + 19. Determine u(a).
19
Let c(t) be the first derivative of t**4/4 + 7*t**3/3 + 2*t**2 + 2*t + 122. Give c(-6).
14
Let g(s) = -s**2 - 7*s. Let b be g(-11). Let i = b - -40. Let x(t) = -t**2 - 3*t + 3. Give x(i).
-1
Suppose 3*c - 2*c - 33 = 3*q, 0 = 4*c - q - 110. Suppose -7*n - 4*j = -2*n - 56, 2*n - 3*j - c = 0. Let t = n + -12. Let g(b) = b**3 - 1. What is g(t)?
-1
Let x(n) = -n**2 - 1. Let k(m) = 2*m**2 - 17*m - 1. Let i(y) = -k(y) - x(y). Determine i(17).
2
Let a(g) = -g + 20. Suppose -28*h = -8*h. What is a(h)?
20
Let c = 1013 - 1010. Let l(s) be the third derivative of 0 - 5/24*s**4 + 1/6*s**c - 4*s**2 + 1/15*s**5 + 0*s + 1/120*s**6. Calculate l(-5).
1
Let o(d) = -d + 5. Let r be 66/(-11)*(-2)/(-3). Let q be (0/1)/((-2 - r)/(-1)). Determine o(q).
5
Let q(s) = 2*s**3 - 2*s**2 + 2*s + 1. Let m be q(2). Let c(r) = -r**2 + 2*r + 14*r**3 - 2*r - 4 - m*r**3. What is c(3)?
14
Let x(u) be the third derivative of u**5/120 + u**4/8 - 43*u**3/6 - 6*u**2. Let c(a) be the first derivative of x(a). Give c(7).
10
Let h be 0 + 27*(-6)/(-9). Let l = 53 - h. Let m(q) = l + 2*q**2 - 7*q - 3*q**2 - 39. Calculate m(-6).
2
Let t(n) be the third derivative of n**5/60 - n**4/8 + 2*n**3/3 - 21*n**2. Give t(3).
4
Suppose -4*f = 4*n - 2*f - 12, f = 2*n - 10. Let y(t) be the second derivative of 1/4*t**4 + 1/2*t**3 - 1/20*t**5 + 5/2*t**2 - 5*t + 0. Calculate y(n).
1
Let x(v) = -v**2 + 3*v - 2. Let i be x(5). Let y be (4/8)/((-1)/i). Let s(m) = -9143563 + 9143563 - 6*m + m**2. What is s(y)?
0
Let i(g) be the first derivative of -g + 1/3*g**3 - 2*g**2 - 6. Calculate i(4).
-1
Let p(w) = -5*w**2 + 2*w - 1. Let o = 263 - 262. Calculate p(o).
-4
Let q(g) be the first derivative of -g**3/3 + 3*g**2/2 + 4*g - 19. Calculate q(5).
-6
Suppose 2*o - b + 4*b = 39, -2*o + b = -19. Let p = o + -13. Let d(x) = 2*x**2 - x - 1. Determine d(p).
2
Let n(u) = u**2 - 6*u + 2. Suppose -4*g + 14 = -d, -7*g = -2*d - 8*g + 17. Determine n(d).
2
Suppose 0 = -5*h - 4*d + 18 - 49, -4*h - 4*d = 28. Let v(w) = w. Let j(t) = 5*t. Let y(a) = -j(a) + 2*v(a). What is y(h)?
9
Let z(i) = -7*i**2 - 16*i + 12. Let p(r) = r**2 + r - 2. Let u(v) = -6*p(v) - z(v). Give u(-8).
-16
Let m(k) = -k**3 - 4*k**2 - 2*k - 5. Let o(z) = z**3 + 2*z**2 + z + 1. Let b(y) = m(y) + 3*o(y). Determine b(2).
24
Let f = -1 - -1. Suppose 4*j + 4*n + 12 + f = 0, -2*j - 4*n - 12 = 0. Let r(s) = -11 + 1 + s**2 - 19*s + 20*s + 9. Give r(j).
-1
Let p(i) = i**2 + 13*i + 8. Suppose 5*o = -5*a - 65, -3*a = 74*o - 69*o + 71. Determine p(o).
56
Let j(r) be the third derivative of -r**8/6720 + r**7/360 - r**6/180 - r**5/24 + 5*r**4/24 - 20*r**2. Let b(a) be the second derivative of j(a). What is b(6)?
7
Let o(y) = -5*y**3 + 3*y**2 + 7*y - 4. Let c(b) = -11*b**3 + 6*b**2 + 15*b - 9. Let r(m) = 6*c(m) - 13*o(m). Determine r(-2).
-4
Let z(w) = -12*w - 1. Suppose -12*b - 13 = b. What is z(b)?
11
Let i(b) = -5*b**3 - b**2. Let w(z) = -z**3 + z**2 - 2*z + 1. Let m be w(0). Give i(m).
-6
Suppose -15 = 5*r - 10*r. Let u(a) = 2*a. Let q be u(2). Let l(x) = -q + 3 - 3*x + 4*x - 3. Calculate l(r).
-1
Let l(d) = 3*d**2 + 4*d**2 + 1 - 3*d**2 - 5*d**2 - 6*d. Determine l(-4).
9
Let q(m) = -2*m + 5. Let p(d) = -d**3 - 4*d**2 - 4*d - 5. Let u(s) = -2*s**2 + 2*s + 2. Let c be u(2). Let z be p(c). Give q(z).
15
Let v(c) = 2*c**2 + 13*c + 20. Let m = -708 - -703. Determine v(m).
5
Let f = 2174 - 2172. Let l(q) = -q**3 + 2. Calculate l(f).
-6
Suppose -2*c - 4 = -6*c. Let l be c + (-2 - (1 + 0)). Let p(x) be the second derivative of -x**3/2 + x**2 + 4*x. Calculate p(l).
8
Suppose -4*r + 2*r + 4*y = -18, -3*y = -3*r + 27. Let p(v) = -21 + v**2 - 10*v - 27 + 86 + 0*v - 30. Give p(r).
-1
Let j(q) = -6 - 5*q + 3 - 3 - 9. Determine j(-4).
5
Let s(f) = f - 6. Suppose 2*i = 22*i - 80. What is s(i)?
-2
Let a = 30 + -29. Let q(n) = 23*n**3 - n**2 - n + 1. Calculate q(a).
22
Let r(t) be the second derivative of -t**4/12 + 5*t**3/6 + 3*t**2/2 + 95*t. Give r(4).
7
Let p(n) be the first derivative of -n**4/4 - 8*n**3/3 - 9*n**2/2 - 4*n - 35. Give p(-6).
-22
Let v(t) be the third derivative of t**8/6720 - t**6/720 + 7*t**4/24 - 9*t**2. Let m(s) be the second derivative of v(s). Give m(1).
0
Let l(k) = k**2 + k - 3. Let r be (-80)/(-28) - (-1)/7. Give l(r).
9
Let o(a) = 5*a**3 - 2*a**2 + 6. Let h(k) = 4*k**3 - 2*k**2 + 4. Let w(b) = 3*h(b) - 2*o(b). Determine w(2).
8
Let k(q) = -q**3 - 5*q**2 + 2*q - 2. Let u be (0 - 8)/(11/((-66)/(-12))). What is k(u)?
-26
Let z(i) = 2*i**2 - 12*i + 10. Let g be z(5). Let h(p) = 3*p**2 - 1 + p**2 + g*p**2 - 5*p**2 - p. Determine h(-2).
-3
Suppose 10*i - 24 = 26. Suppose 16 = -i*c + 11. Let z(m) = 0*m + 0*m - 3*m**2. Give z(c).
-3
Suppose 2*a - 7 = 27. Suppose -a = -2*t - 5. Let s(m) = -m**2 + 8*m - 5. Give s(t).
7
Suppose 1 = x - 5*z + 5, 4*x = 4*z + 16. Let i(d) = 1 + 7 + d - x + 2*d**3 - 4*d**2. Let o be (-2)/(-7) - 96/(-56). Calculate i(o).
4
Suppose -2 = -3*l + f + 6, -l + 1 = -2*f. Let x(a) = -2 + 0 - 2 - a**2 - 4*a + l*a. Suppose -5*h = -3*h - 3*c - 15, -5*h - 5*c = 25. Give x(h).
-4
Let k(q) = q**3 + q**2 + q - 2. Let a(u) = 2*u**2 + 14*u + 20. Let h be a(-16). Let y be 2/(-5) - h/(-70). Suppose 0 = f + y*f. Give k(f).
-2
Let b(k) = -7*k - 2. Suppose -4*q + 27 = 7. Suppose -15 = 5*p, 5 = -q*n + p - 6*p. What is b(n)?
-16
Let t(u) = 3*u - 15. Let i be t(4). Let n(a) be the first derivative of a**4/4 + 2*a**3/3 - a**2/2 + 4*a + 7. Determine n(i).
-2
Let o(s) = -s**2 + 6*s**3 + 59*s + 61*s - 120*s. Let z be o(-1). Let y(q) = -q**2 - 7*q + 4. Determine y(z).
4
Let r(t) = 7*t + 25. Let x(l) = -3*l - 12. Let o(b) = 2*r(b) + 5*x(b). Let h be o(-4). Let p(f) = f**3 + 7*f**2 + 5*f - 4. Calculate p(h).
2
Let b(d) = d**3 - 8*d**2 - 10*d + 8. Let z(p) = -3*p**2 + 11*p - 7. Let h be z(6). Let a = 58 + h. Ca